culate the remainder when 6333 is divided by 36.
33
What is the remainder when 1217 is divided by 111?
107
What is the remainder when 22 is divided by 12?
10
Calculate the remainder when 2335 is divided by 146.
145
What is the remainder when 91 is divided by 25?
16
What is the remainder when 174 is divided by 16?
14
What is the remainder when 821 is divided by 145?
96
Calculate the remainder when 696 is divided by 119.
101
Calculate the remainder when 829 is divided by 295.
239
Calculate the remainder when 220 is divided by 13.
12
Calculate the remainder when 627 is divided by 45.
42
Calculate the remainder when 176 is divided by 62.
52
What is the remainder when 398 is divided by 183?
32
What is the remainder when 1785 is divided by 591?
12
Calculate the remainder when 60 is divided by 9.
6
What is the remainder when 39 is divided by 14?
11
What is the remainder when 350 is divided by 16?
14
Calculate the remainder when 844 is divided by 52.
12
Calculate the remainder when 168 is divided by 77.
14
What is the remainder when 8251 is divided by 459?
448
Calculate the remainder when 144 is divided by 78.
66
Calculate the remainder when 46743 is divided by 147.
144
Calculate the remainder when 65 is divided by 63.
2
Calculate the remainder when 20012 is divided by 48.
44
Calculate the remainder when 93 is divided by 82.
11
Calculate the remainder when 149 is divided by 60.
29
Calculate the remainder when 863 is divided by 28.
23
What is the remainder when 23778 is divided by 290?
288
What is the remainder when 2242 is divided by 44?
42
What is the remainder when 444 is divided by 15?
9
What is the remainder when 623 is divided by 33?
29
Calculate the remainder when 6597 is divided by 76.
61
What is the remainder when 2738 is divided by 15?
8
Calculate the remainder when 136 is divided by 35.
31
Calculate the remainder when 185 is divided by 19.
14
Calculate the remainder when 441 is divided by 113.
102
Calculate the remainder when 1228 is divided by 82.
80
Calculate the remainder when 860 is divided by 17.
10
What is the remainder when 46 is divided by 41?
5
Calculate the remainder when 639 is divided by 635.
4
Calculate the remainder when 478 is divided by 16.
14
Calculate the remainder when 873 is divided by 310.
253
What is the remainder when 1007 is divided by 179?
112
Calculate the remainder when 12397 is divided by 157.
151
What is the remainder when 4660 is divided by 111?
109
Calculate the remainder when 5423 is divided by 113.
112
What is the remainder when 117 is divided by 10?
7
What is the remainder when 263 is divided by 30?
23
What is the remainder when 364 is divided by 9?
4
What is the remainder when 2133 is divided by 24?
21
What is the remainder when 873 is divided by 19?
18
Calculate the remainder when 203 is divided by 59.
26
What is the remainder when 329 is divided by 6?
5
Calculate the remainder when 1390 is divided by 16.
14
What is the remainder when 7181 is divided by 63?
62
Calculate the remainder when 608 is divided by 36.
32
What is the remainder when 679 is divided by 136?
135
What is the remainder when 2683 is divided by 45?
28
Calculate the remainder when 2306 is divided by 757.
35
Calculate the remainder when 2909 is divided by 32.
29
Calculate the remainder when 1903 is divided by 41.
17
What is the remainder when 171 is divided by 141?
30
What is the remainder when 5608 is divided by 30?
28
What is the remainder when 520 is divided by 21?
16
What is the remainder when 734 is divided by 20?
14
What is the remainder when 6034 is divided by 19?
11
What is the remainder when 415 is divided by 52?
51
Calculate the remainder when 6090 is divided by 11.
7
Calculate the remainder when 718 is divided by 15.
13
Calculate the remainder when 76 is divided by 3.
1
What is the remainder when 2869 is divided by 361?
342
What is the remainder when 295 is divided by 60?
55
What is the remainder when 100 is divided by 7?
2
Calculate the remainder when 1810 is divided by 37.
34
Calculate the remainder when 132 is divided by 30.
12
Calculate the remainder when 14145 is divided by 7068.
9
Calculate the remainder when 1318 is divided by 268.
246
What is the remainder when 119 is divided by 11?
9
Calculate the remainder when 223 is divided by 4.
3
What is the remainder when 116 is divided by 39?
38
Calculate the remainder when 570 is divided by 182.
24
Calculate the remainder when 727 is divided by 222.
61
What is the remainder when 22 is divided by 19?
3
What is the remainder when 597 is divided by 200?
197
Calculate the remainder when 345 is divided by 21.
9
Calculate the remainder when 901 is divided by 214.
45
What is the remainder when 120 is divided by 28?
8
What is the remainder when 262 is divided by 102?
58
Calculate the remainder when 57 is divided by 17.
6
What is the remainder when 44 is divided by 23?
21
Calculate the remainder when 300 is divided by 122.
56
Calculate the remainder when 31 is divided by 22.
9
What is the remainder when 10301 is divided by 184?
181
Calculate the remainder when 387 is divided by 127.
6
What is the remainder when 4596 is divided by 115?
111
What is the remainder when 1724 is divided by 243?
23
Calculate the remainder when 272 is divided by 27.
2
What is the remainder when 524 is divided by 57?
11
Calculate the remainder when 69 is divided by 10.
9
Calculate the remainder when 1347 is divided by 86.
57
What is the remainder when 323 is divided by 42?
29
Calculate the remainder when 71 is divided by 31.
9
What is the remainder when 399 is divided by 63?
21
Calculate the remainder when 1780 is divided by 294.
16
Calculate the remainder when 46 is divided by 13.
7
What is the remainder when 140 is divided by 103?
37
What is the remainder when 10248 is divided by 201?
198
Calculate the remainder when 152 is divided by 94.
58
What is the remainder when 1352 is divided by 41?
40
Calculate the remainder when 374 is divided by 32.
22
Calculate the remainder when 1015 is divided by 71.
21
Calculate the remainder when 4211 is divided by 74.
67
Calculate the remainder when 675 is divided by 7.
3
What is the remainder when 704 is divided by 171?
20
Calculate the remainder when 299 is divided by 31.
20
What is the remainder when 1991 is divided by 37?
30
Calculate the remainder when 148 is divided by 23.
10
Calculate the remainder when 313 is divided by 95.
28
Calculate the remainder when 2875 is divided by 131.
124
Calculate the remainder when 300 is divided by 51.
45
What is the remainder when 770 is divided by 238?
56
What is the remainder when 200 is divided by 19?
10
What is the remainder when 103 is divided by 29?
16
What is the remainder when 6014 is divided by 64?
62
Calculate the remainder when 998 is divided by 100.
98
Calculate the remainder when 3743 is divided by 32.
31
Calculate the remainder when 9869 is divided by 1643.
11
Calculate the remainder when 637 is divided by 32.
29
What is the remainder when 1192 is divided by 40?
32
Calculate the remainder when 1286 is divided by 8.
6
Calculate the remainder when 82 is divided by 29.
24
Calculate the remainder when 479 is divided by 118.
7
What is the remainder when 167 is divided by 35?
27
Calculate the remainder when 167 is divided by 43.
38
Calculate the remainder when 210 is divided by 38.
20
What is the remainder when 425 is divided by 14?
5
What is the remainder when 706 is divided by 101?
100
Calculate the remainder when 85 is divided by 13.
7
Calculate the remainder when 6488 is divided by 43.
38
What is the remainder when 48 is divided by 21?
6
Calculate the remainder when 730 is divided by 26.
2
Calculate the remainder when 127 is divided by 22.
17
Calculate the remainder when 32 is divided by 8.
0
What is the remainder when 33 is divided by 21?
12
What is the remainder when 94 is divided by 4?
2
What is the remainder when 493 is divided by 130?
103
What is the remainder when 247 is divided by 88?
71
What is the remainder when 323 is divided by 55?
48
What is the remainder when 215 is divided by 10?
5
Calculate the remainder when 317 is divided by 53.
52
Calculate the remainder when 33 is divided by 20.
13
What is the remainder when 207 is divided by 105?
102
Calculate the remainder when 126 is divided by 120.
6
What is the remai